) + 1. Suppose -5*c - 2*s = -239, c + 0*c - p = -3*s. Let j = 80 - c. Is j composite?
False
Let q(n) = -14*n - 17. Let a be q(-8). Suppose -a = -3*t + 16. Is t prime?
True
Suppose 24*h - 45624 - 24048 = 0. Is h a composite number?
False
Let b(y) = 2*y**2 - 11*y + 14. Suppose 0 = 7*c - 43 - 20. Is b(c) composite?
True
Let y(p) = p**3 + 12*p**2 - 1. Let r be y(-12). Is (r + 480)*(-4 + 5) composite?
False
Let z = 12415 + 12474. Is z prime?
True
Let q be -2 - 1/((-3)/21). Suppose -4*d - 2995 = d - 5*o, -q*o - 2360 = 4*d. Is (-26)/(-39) - d/3 a prime number?
True
Suppose -4040 - 3874 = -6*z. Is z a composite number?
False
Suppose 0 = 5*c + 5, -2*q - 1641 = 3*q + c. Let a = 663 - q. Is a a prime number?
True
Let g(s) = -2273*s + 14. Is g(-5) composite?
True
Suppose 0 = -4*y + 32 - 36. Let o(k) = -36*k**3 + k**2 - 2*k - 2. Is o(y) a composite number?
False
Let z(m) be the third derivative of 5/6*m**4 + 0 + 0*m - 1/60*m**5 + 8/3*m**3 + m**2. Is z(9) a prime number?
False
Let s = 51 - 49. Suppose 0 = k - s*o - 497, 5*k + 3*o - 1541 - 996 = 0. Is k prime?
False
Let z = 1144 + -491. Is z a composite number?
False
Let b be 56/(-6) - (-2)/(-3). Let n be (-1296)/b - 8/(-20). Suppose 3*s + 4*t - 229 = 0, -4*s - 4*t + n = -178. Is s a composite number?
False
Let f(n) = 5474*n**2 + 19*n - 2. Is f(-7) a prime number?
True
Suppose -w - 2*w = -1737. Let i = w - 242. Is i composite?
False
Let x = -47 + 31. Let r = x - -11. Is ((-1733)/r)/(2/10) prime?
True
Let a(t) = 13*t**3 + 5*t**2 + 8*t - 7. Is a(8) prime?
False
Let d(o) = 255*o**2 + 3*o - 1. Is d(4) a prime number?
True
Let n = -6 - -3. Let k(o) be the second derivative of -9*o**5/20 - o**4/3 - o**3/6 + o**2/2 + o. Is k(n) a prime number?
True
Is 1/(1 - (-4788)/(-4791)) a composite number?
False
Suppose 130 = -3*m - 2*m. Let o = 10 + m. Is (3704/o)/((-2)/4) a prime number?
True
Suppose 0 = -8*v - 6*v + 6118. Is v a composite number?
True
Suppose -5*l + 2*l = -12. Suppose -4*q + 2*q = s - l, 5*s + 19 = 3*q. Is 6/(-12) + (-389)/s a prime number?
False
Let h be (-142)/4*10/1. Let c = 570 + h. Is c prime?
False
Let f(r) = 397*r**2 - 42*r + 159. Is f(4) prime?
True
Let g = 3 + -1. Suppose 4*t = -4*n + 192, -t + 2*t = g*n + 63. Is t composite?
False
Let m = -951 - -1616. Suppose -m = 4*s - 2293. Is s a prime number?
False
Suppose 4*k + 2142 = 3*p - p, 0 = -5*k - 2*p - 2682. Let l = 837 + k. Is l a composite number?
True
Let z be -4*(-1 + (-81)/6). Let x be 0 + (4 - 35) + -2. Let c = z - x. Is c a composite number?
True
Let q(s) = -731*s - 18. Is q(-5) a prime number?
True
Let h(u) = -u**2 + 8*u - 7. Let y be h(6). Suppose -y*l = -5*p + 160, -l + 56 = p + 4*l. Suppose 2*w - 200 - p = 0. Is w composite?
True
Suppose 5*c + 180145 = 4*h, -4*c = -9*h + 11*h - 90066. Is h prime?
False
Let k(f) = 683*f + 136. Is k(5) a prime number?
False
Let y = -17 - -13. Let v = 73 + y. Is v composite?
True
Suppose -835*d + 832*d = -62733. Is d a prime number?
False
Let w(o) = -o**2 - 19*o - 10. Let s be w(-18). Let i be 4/16 + 2518/s. Suppose -5*y - 5*a + i = 0, -y - 4*y - a + 299 = 0. Is y a composite number?
False
Is (-8)/56*-7*5749 a composite number?
False
Let y(i) = -10*i**2 - 15*i + 3. Let p(s) = -5*s**2 - 7*s + 1. Let n(u) = -13*p(u) + 6*y(u). Is n(7) a composite number?
False
Suppose 0 = 6*k + 3*k - 10809. Is k a prime number?
True
Suppose -4*y = -3*y - 3. Let x(p) be the second derivative of 23*p**3/6 + 22*p. Is x(y) a composite number?
True
Let w(q) = -10649*q + 14. Is w(-1) a composite number?
False
Suppose 2*q + 0*q - 10 = 0. Suppose s - q*s + 20 = 0. Suppose s*m = 9*m - 796. Is m prime?
True
Suppose 4*n + 3292 = 308. Let w = 2647 + n. Is w prime?
True
Let f(s) = 5 - 3*s - 12 - 4 + 16*s**2. Is f(-6) a prime number?
False
Suppose -6*s = s - 7455. Suppose 7*l + 323 = s. Is l a composite number?
True
Suppose -2*t = t + 6, -2*b - 4*t + 734 = 0. Is b prime?
False
Is (-6)/(-6) + 7404 + -2 prime?
False
Suppose -7*h + 4*h = 1428. Let w = h + 850. Suppose -w = -0*k - 2*k. Is k composite?
True
Let j(v) = -v**2 - v. Let t be j(0). Suppose 0 = z + 2*z + 15, t = -2*p + z + 617. Suppose p = 4*g - 170. Is g prime?
False
Let q be (3 - 2)/(1/(-14)). Let v be (-52)/q + 10/35. Suppose j - v*o = 6*j - 958, -5*j = -4*o - 982. Is j prime?
False
Let i(t) = -8*t**3 + 2*t**2 + 2*t - 1. Let z be i(-5). Suppose -2*j - 5 = -z. Is j a composite number?
True
Let n(j) = 294*j + 2. Let s be n(3). Suppose 4*u - 2*t = 884, -t + s = 4*u + 4*t. Is u prime?
False
Let w(d) = -d**2 - d - 1. Let o(q) = -q**3 - 18*q**2 - 7*q - 8. Let l(a) = -o(a) - 3*w(a). Is l(-20) composite?
False
Suppose 0 = 38*l - 32*l - 8382. Is l a prime number?
False
Suppose 0 = -5*c - 4*k - 9, -5*k + 5 = -15. Let a(r) = 2*r + 10. Let u be a(c). Suppose 5*p + 5*b - 3*b - 3931 = u, 3*p - 2357 = -2*b. Is p a composite number?
False
Let z(l) = -2877*l - 119. Is z(-4) a composite number?
True
Let x(k) = 73*k**2 + 35*k + 197. Is x(-5) prime?
True
Let s(g) = 4*g**2 + 103*g - 49. Is s(-34) a composite number?
True
Let f(z) = z**3 + 10*z**2 + 8*z - 6. Suppose -17 + 53 = -4*u. Let q be f(u). Suppose q*l = 11 + 382. Is l a composite number?
False
Let p be (-16)/56 - 69/(-21). Suppose -5*k + 9*k = -2*m + 1278, 3*k = -p*m + 1932. Is m prime?
False
Let j = 51766 + -29063. Is j prime?
False
Let i(t) = 123*t + 3. Let u be i(9). Let b = u + -332. Is b composite?
True
Let n(d) = d**2 + 26. Let v be n(0). Let y be 4/v - 364/169. Is -1 - (-390 - (0 - y)) composite?
True
Let a(q) = q**3 + 6*q**2 - 10. Let w be a(-6). Is w - -3 - -9 - (-612 - -1) prime?
True
Let u(n) = 2*n**2 + 3*n - 2. Let x be u(3). Suppose 5*s = 2*a - 0*a - x, -s - 5 = 0. Suppose -3*z + 239 + 127 = a. Is z a composite number?
True
Suppose 4*s + 4*p - 4609 = 3*s, -4*p + 18472 = 4*s. Is s composite?
False
Suppose 2*w - 5*q - 40 = -1, 2*q = 3*w - 42. Let x be 4/w + 3/(-9). Suppose -t + 103 + 24 = x. Is t composite?
False
Suppose -3*j - 4*j + 77455 = 0. Is j a composite number?
True
Let l = -3716 - -7305. Is l prime?
False
Let l(x) = 9*x**2 + 2*x + 10. Let p be l(-7). Suppose 2*b - f = -174, f - 4*f = -5*b - p. Let i = 198 + b. Is i a prime number?
True
Let i(v) = 45*v + 26. Suppose -y - 4*z = -22, 5*z - 29 = -3*y + y. Let p be (-25 - 1)*y/(-4). Is i(p) a prime number?
False
Let d = 13028 + -7901. Is d a composite number?
True
Let y = 43 + -41. Suppose -o + 2*b = 7*b - 439, 902 = 2*o - y*b. Is o a composite number?
False
Suppose -30 + 0 = 5*w. Let t(i) = -15 + 30 + 4 - 355*i. Is t(w) prime?
False
Let q = 25042 - 8313. Is q a prime number?
True
Let u = -19 - -24. Suppose u*l - t - 13 = 2*l, -2*t = -2*l + 6. Suppose -259 = -k + 2*s, 5*k - l*s - 1320 = -0*s. Is k a prime number?
True
Let n(b) = 287*b**2 - 9*b - 5. Is n(-3) composite?
True
Suppose -3*m - 4*t = -2*m - 3122, 3*m - 2*t - 9422 = 0. Suppose -l = -o - 1574, 2*l - 3*o - m = o. Suppose -2*r - 37 = i - 668, -2*i = 5*r - l. Is r composite?
False
Let u(f) = 218*f**2 - f + 1. Is u(-3) a composite number?
True
Let j be -3 - -14 - (2 + -1). Suppose 38 = -4*i - j. Is (28/(-6))/(i/18) composite?
False
Is (-7246)/((6 - 2)/(-2)) composite?
False
Let s(j) be the first derivative of 13*j**2/2 + 5*j + 5. Let o be s(11). Suppose 0 = -3*c - c + o. Is c prime?
True
Suppose 0 = 10*g + 53303 - 225433. Is g prime?
False
Suppose 2*r + 18 = -w, -5 = 2*w - 4*r - 1. Let b be (-5)/w - 27/6. Is (1042/(-5))/(b/10) composite?
False
Let n(l) = -114*l + 55. Let c be n(16). Let q = 4740 + c. Is q a composite number?
False
Let j = 5010 + -3317. Is j prime?
True
Let p(w) = w**2 - w - 4. Let z be p(3). Suppose 2466 = 5*k + c, 2*c + 489 = k - z*c. Is k composite?
True
Suppose 3*x = -2*k + 5, -8*k + 3*k + 4*x + 1 = 0. Is (118/(-5))/(k/(-5)) a prime number?
False
Suppose 109*r = 114*r - 5245. Is r a composite number?
False
Let j(a) = 55*a + 22. Let t be j(9). Let q = t + -368. Is q composite?
False
Let p = 16510 - 4509. Is p composite?
True
Let s be (8/5)/((-6)/15). Suppose l + 1 = -3*l + z, 5*l - 4 = -4*z. Is l + 154/(s/(-2)) a prime number?
False
Let c be 2 + -4 + 1*258. Let i = 583 - 317. Suppose u - c = -3*b, 3*b - u = -0*u + i. Is b prime?
False
Let u(y) = 3*y**2 - 2*y - 6. Let v be u(11). Suppose 89 + v = 4*b. Is b a prime number?
False
Suppose -3*d + 4*s + 3 + 0 = 0, d - 8 = -s. Let z be ((-9)/(-6))/(6/2096). Supp